-3 - 0)?
7
Let s(h) = 58*h**2 - 6*h + 7. What is the tens digit of s(1)?
5
Let h(y) = 36*y**2 - 25*y - 293. What is the hundreds digit of h(-10)?
5
Let c be 0/((-2)/(0 - -1)). Suppose t = -3*y + 77, -3*t - 3*y + c*y + 207 = 0. Let x = t + -15. What is the units digit of x?
0
Let d be (-184)/10*765/(-34). Suppose -4*g + d = -g. Suppose -6*i = -g - 210. What is the units digit of i?
8
Let r(f) = -f + 7. Let v be r(-4). Let a = v - 7. Suppose -3*y + 15 = -i - 44, -24 = -y - a*i. What is the units digit of y?
0
Let m(f) = 4*f + 8. Let q be m(-7). Let u = -18 - q. Suppose -15 = -u*p + 19. What is the tens digit of p?
1
Let q be ((-2)/(-3))/(2/834). Let o = -181 + q. What is the tens digit of o?
9
Let s be -1 + 0 - (-3)/(15/(-110)). What is the tens digit of (-3 - s)*18/24?
1
Suppose -5*c + 8 = 2*w - 127, -4*w = -3*c + 55. Suppose -2*m + 5*y = -134 - c, -382 = -5*m - 3*y. What is the units digit of m?
7
Suppose -2 = -y, 6*y = -4*k + 8*y + 2772. What is the hundreds digit of k?
6
Let w(o) = 4*o + 6. Let h(p) = 9*p + 11. Let l(i) = 2*h(i) - 5*w(i). Let v(z) = -2*z + 3. Let g be v(4). What is the units digit of l(g)?
2
Suppose -4*a + a - 5*b = -38, -5*a = -2*b - 22. Suppose -q = 4*f - 184, 945 = 5*q - a*f + f. What is the units digit of q?
8
Let i(x) = x**2 + 21*x + 41. Let c be i(-19). Let r(s) = 33*s. Let b be r(1). What is the units digit of (-1 - (2 - c)) + b?
3
Let u(m) = m + 19. Let h be u(-14). Let g(s) = s**2 - 5*s. Let n be g(h). Suppose -o - 5 = -p, -4*p + 23 = -o - n*o. What is the units digit of p?
6
Suppose 2*t = -0*t. Suppose a + 2*y + 4 - 5 = t, 4*a - 16 = -2*y. Let r = 12 - a. What is the units digit of r?
7
Suppose -4*s + 1228 = -2*a, -2*a + 5*a + 610 = 2*s. What is the units digit of s?
8
Let n be ((-2)/(-2))/((-1)/71). Let g = n + 101. Suppose 2*m - 3*c - g = 0, c = 2*m - 3*m + 5. What is the units digit of m?
9
Suppose -h - 1 = k, h + 2*k + 1 = 2. Let x be 0 - (3*h)/3. Suppose 13 = -x*n + 64. What is the tens digit of n?
1
Let t(g) be the first derivative of g**2 + g - 10 + 3/4*g**4 - g**3. What is the units digit of t(3)?
1
Let g = 33 - 31. Suppose 366 = g*r - 40. Suppose 0 = -4*w - 3*w + r. What is the tens digit of w?
2
Let q be 4/(-10) - (-410)/25. Suppose 3*g = -2*g + 5*b + 130, 94 = 3*g + 5*b. Let t = g - q. What is the tens digit of t?
1
Let d(f) be the first derivative of 25*f**2/2 - 15*f - 2. What is the units digit of d(7)?
0
What is the tens digit of ((-21805)/(-14))/(-5)*-2?
2
Suppose 0 = 5*f + 3*o - 12, 5*f - 6*f = 5*o + 2. Suppose 2*w = 4*d - 2 + 24, 55 = 4*w + f*d. Suppose 0 = 2*i - i - w. What is the tens digit of i?
1
Let g(u) = 72*u**2 - 6. What is the units digit of g(-2)?
2
Suppose 21 = 2*h + 3*h - y, 5*h + 5*y = 15. Suppose -5*u - 168 = -h*z - u, 4*u = 0. What is the units digit of 3/12*4 + z?
3
Let a = -6 - -27. Let i = 13 - a. What is the tens digit of 2*12 + 8/i?
2
Suppose 0*b + 5*b = 25. Suppose 3*n + 5*y - 1 = 4, -2*y + 2 = -4*n. Suppose n = j - b*j + 20. What is the units digit of j?
5
Let n(h) = -6 - 3 + 2 - 7*h - 3 + h**2. Let p be n(8). What is the tens digit of 25 + (-3 - p)*-1?
2
Let b(q) = 37*q - 96. What is the tens digit of b(6)?
2
Let q(j) = -j**3 + 13*j**2 - 8*j + 8. What is the tens digit of q(11)?
6
Let j(i) = 7*i**3 - 3*i**2 + 3*i - 2. Let h be j(1). Suppose h*q - 46 = 49. What is the tens digit of q?
1
Let g be 1/5*-2 + 1108/(-5). Let l = -78 - g. What is the tens digit of l?
4
Suppose -6*s = -5*s - 25. Suppose 0 = -9*i + s*i - 2368. What is the tens digit of i?
4
Let b(w) = 3*w**3 - 6 - 5*w - 2*w**3 - 2 - w**2 - 6*w**2. Let x be 12/15 + 36/5. What is the tens digit of b(x)?
1
Let j = -1685 + 2178. What is the units digit of j?
3
Let b = -107 + 100. Let k(h) = -h**3 - h**2 + 10*h + 7. What is the hundreds digit of k(b)?
2
Let h(p) = 3*p**2 - 23*p - 18. Let g be h(19). Suppose 30*r - 34*r = -g. What is the hundreds digit of r?
1
Let z = 23 - 21. Suppose 4*g - 138 = -z*g. What is the tens digit of g?
2
Let d = 5 - 2. Suppose 2 - 19 = -5*t - o, -d*o = -4*t + 6. Suppose -f - 3*f = 3*b, -t*b - 2*f = -6. What is the units digit of b?
4
Let v be (2/3)/(1/6). Suppose 0 = -v*o - 5*a + 232, 0 = -3*o + a + 184 - 10. What is the units digit of o?
8
Let j(w) = -w - 8. Suppose -3 = -h - 14. Let m be j(h). Suppose 4*p - 66 = -2*v, m*p - 47 = 2*v - 3*v. What is the tens digit of p?
1
What is the hundreds digit of (-52 - -52) + (-2080)/(-2) + -1?
0
Let y(k) = -k**2 - 26*k + 25. Let o be y(-21). Let m = -89 + o. What is the units digit of m?
1
Let t(l) = 4*l**3 + 2*l + 1. Let x be t(-1). What is the tens digit of 5*24 + 15/x?
1
Let i be (-2 - -3)*(-41 - -4). Let c = 139 + i. What is the units digit of c?
2
What is the tens digit of (6/(-8))/((-15)/7620)?
8
Let z be (7/(-3))/((-1)/(-3)). Let f = z + 4. Let b = 8 + f. What is the units digit of b?
5
Let i be ((-6)/4 + 5)*(-44)/2. Let u = i - -196. What is the units digit of u?
9
Let c(y) = y**2 + 15*y - 13. Let z be c(-15). Let p(h) = h**3 + 14*h**2 + 5*h + 26. What is the units digit of p(z)?
0
Let n be 3 - (2 - 17/1). Suppose -n = 2*j - 0*j. Let a = -1 - j. What is the units digit of a?
8
Let k(p) = -p**3 - 31*p**2 + 72*p + 51. What is the hundreds digit of k(-34)?
0
Let h(i) be the third derivative of -i**5/60 + i**4/24 - i**3/3 - 9*i**2. Let o be h(0). What is the tens digit of (1 + o)*(-3 - 22)?
2
Suppose 0 = -14*h + 7*h + 6377. What is the hundreds digit of h?
9
Let g(n) = -17*n**3 + n**2 + n. Let p = -9 - -13. Let c be (-8)/10 + p/(-20). What is the units digit of g(c)?
7
Suppose 95 = -33*a + 38*a. What is the units digit of a?
9
Suppose -29*o + 654 = -419. What is the units digit of o?
7
Let i(u) = -66*u + 1. Let t be i(-2). Suppose 0 = 4*k + t - 373. What is the units digit of k?
0
Let y = -2 + 3. Suppose 3*k - 6 = 3. Suppose k = a - y. What is the units digit of a?
4
Suppose -4*y - 6 + 10 = 4*o, -o + 1 = -2*y. Suppose 2*q - 128 - 22 = y. What is the units digit of q?
5
Suppose 28 = 2*b + s - 100, b = -s + 64. Suppose -2*q + 192 = -b. What is the units digit of q?
8
Suppose 3*o + 3*n = 57, 0 = -33*o + 32*o + 3*n + 31. What is the units digit of o?
2
Suppose -3*v + q + 982 = -0*v, -658 = -2*v + 4*q. What is the tens digit of v?
2
Let t be 4/(-26) + 56/26. Suppose 0 = -4*q + 10 - t. Suppose q*o - 28 + 6 = 0. What is the units digit of o?
1
Suppose 13*z = 17*z - 476. What is the units digit of z?
9
Let j(a) = 2*a + 11. Suppose t - 5 = 0, 2*n + 4*t - 3*t = -5. Let h be j(n). Let c = 11 - h. What is the tens digit of c?
1
Suppose 5*m - 5 + 23 = -2*a, 32 = -3*a - 5*m. Let z(j) = j + 17. Let d be z(a). Let u = 15 - d. What is the units digit of u?
2
Let m be 8/12 + (-66)/(-9). Suppose -739 = -m*u + 181. Suppose -5*n + u - 16 = -y, -3*y = n - 7. What is the units digit of n?
9
Let g = -1 + -8. Let d be (-3)/g - (-382)/6. Suppose b = 5*b - 2*n - 94, -d = -3*b - 5*n. What is the tens digit of b?
2
Let c = -82 + 98. Let r = 59 - c. What is the tens digit of r?
4
Suppose 4*r - 12 = c, r + 6 = 2*c + 2. Let u be ((-28)/3)/(r/12). What is the tens digit of 5/(2 + u/16)?
2
Suppose 10 = 5*f - 5. Let v = 199 + -101. Suppose t = -2*p + 39, f*t = p - 6*p + v. What is the units digit of p?
9
Let l be (2 - (2 + 0 - 0)) + 2. Suppose -l*i + 30 = -46. What is the tens digit of i?
3
Let u = 29 - 20. Suppose -19*g = -52 - 100. Suppose u*r - 63 = g*r. What is the tens digit of r?
6
Suppose 0 = 2*p - 3*u - 25, 46 = 7*p - 2*p - 2*u. Let d be ((-12)/7)/(p/140). What is the units digit of 2 - (3 + d - -4)?
5
Let m(q) = q**2 + 2*q + 6. Suppose -9*a + 6*a + 12 = 0. Suppose 4*y = a*k + 32, 3*k + 3*y + 24 = -2*y. What is the units digit of m(k)?
4
Let n(x) = x**2 - 2*x - 8. Let a be n(4). Suppose -i + a*i = -2*t + 75, -5*i = 4*t - 143. What is the units digit of t?
7
Let o(i) = 35*i**2 + 35*i - 9. Let d be o(-13). What is the units digit of d/21 - 6/(-14)?
0
Let n(i) be the third derivative of -79*i**6/120 + i**4/24 + 29*i**2. Let o be (2/(-6))/((-3)/(-9)). What is the units digit of n(o)?
8
Suppose -5*w - 64 = -13*w. What is the units digit of (1 + 0 - -2) + 1200/w?
3
What is the units digit of -3 - 2646/(3/(-1))?
9
Let q(t) = -t + 51. What is the tens digit of q(7)?
4
Let w = -50 + 563. What is the units digit of w?
3
Let u(w) = w**3 + 6*w**2 + 4*w + 1. Suppose 4*j - 46 = 5*k, -3*k